 factors of k?
19
Suppose -2*s - 3*w + 1 = -s, 5*s - 24 = 4*w. Suppose 4*y = -2*p + 620, s*p - 1218 = -2*y + 5*y. What are the prime factors of p?
2, 3, 17
Let j be (-114)/(-27) - (-4 - (-38)/9). Suppose 3*r = 0, -j*k + 496 + 100 = 3*r. What are the prime factors of k?
149
Let q be 68/(-18) + 75/27 + -3. Let r be q/3*(-3)/2 + 1. Suppose r*y = 506 + 205. What are the prime factors of y?
3, 79
Let y = -1427 - 519. Let z = y + 3749. List the prime factors of z.
3, 601
Let d(i) = 605*i**2 + 12*i + 6. Let l be d(3). Suppose 18*x - 17265 - l = 0. What are the prime factors of x?
2, 79
Suppose 0 = 21*a + 34 + 50. List the prime factors of (-1 - a) + 0 - 11361/(-21).
2, 17
Suppose 3*h - 22 = -2*z - 0*h, -1 = 3*z - 4*h. Suppose -2*c + 253 = z*i, 0 = -c + 4*i - 7*i + 127. What are the prime factors of c?
2, 31
Suppose q + 7 = 2*q - 4*z, -2*z = 0. Suppose 4*p = -16*p. Suppose p = -q*t - 3*t + 1370. List the prime factors of t.
137
Suppose 7*k - o = 79978, -o + 2*o = 3*k - 34274. List the prime factors of k.
2, 29, 197
Let k be -2*((-1)/2)/(5/20). Suppose 0 = -6*z - k*z + 3680. What are the prime factors of z?
2, 23
Let h = -161 + 166. Suppose -h*i - a + 1172 = -0*a, -2*i = -a - 466. List the prime factors of i.
2, 3, 13
Suppose j = 2*w - j - 2, 15 = -w + 5*j. List the prime factors of (w - -48) + 8/4.
5, 11
What are the prime factors of (-258799)/(-4) - (-6)/24?
2, 5, 647
Let u(t) = 3*t**2 + 70*t - 61. Let l be u(-29). Suppose 6*c = 2*c + l. List the prime factors of c.
2, 3
Let r(f) be the first derivative of 7*f**2/2 + 47*f - 50. Let k be r(-6). Suppose 5*w - 900 = k*x, -w - 6*x + x = -156. What are the prime factors of w?
2, 11
Suppose 0 = -33*n + 28*n + i + 81278, 3*n = i + 48768. List the prime factors of n.
5, 3251
Let o = -473 - -775. Let b = o - 55. What are the prime factors of b?
13, 19
Suppose -5*f + y + 23013 = 0, -4*y - 19094 - 3928 = -5*f. List the prime factors of f.
2, 3, 13, 59
Suppose -5*f - 4*u = -0*u + 20, 3*f - 4*u - 20 = 0. Let o(y) = -y**3 + 5*y + 527. List the prime factors of o(f).
17, 31
Let l(i) = -26*i + 30. Let t be l(-6). Let m = t + -94. Suppose 4*b = -4*j + 132, -b = 2*b - 4*j - m. What are the prime factors of b?
2
Let a be ((-14)/(-4) - 0) + (-5)/(-10). List the prime factors of (0 + 1*-639)/(3 - a).
3, 71
Let l(n) = 4*n + 12*n**3 - 13*n**3 - 4 - 3*n**2 + 5*n - 11. Let d be l(-8). Let u = d + -77. List the prime factors of u.
2, 3, 13
Let j(p) = 416*p**2 - 252*p - 1304. What are the prime factors of j(-5)?
2, 3, 863
Suppose 63*u - 68*u = -3*r + 99739, -4*r + 2*u + 133018 = 0. List the prime factors of r.
2, 3, 23, 241
Suppose 6*w - 25*w = -319854 - 80039. What are the prime factors of w?
13, 1619
Let w be (9/(-4))/((-10)/((-1440)/(-54))). Suppose 115 + 13 = g - r, -3*g + r = -380. Suppose -g = -w*u + 3*u. What are the prime factors of u?
2, 3, 7
Let v = -242 - -239. List the prime factors of (-18)/v*-1 - -263.
257
Let s(q) = 59*q**2 + 28*q + 30. What are the prime factors of s(-5)?
3, 5, 7, 13
Let y be 1976/28 - (-9)/21. Suppose -3*t + y = 8. What are the prime factors of (0 - -1)*(t - (5 + -6))?
2, 11
Let k be (-4 + 3162)*10/20. Let m = -82 + k. List the prime factors of m.
3, 499
Let y(z) = 16*z - 24*z + 68*z + 45*z - 73. List the prime factors of y(7).
2, 331
Let t = -330 - -388. Let w = 253 - t. List the prime factors of w.
3, 5, 13
Let o be (15/(825/(-638)))/((-1)/45). Suppose -o*c + 529*c = 11466. List the prime factors of c.
2, 3, 7, 13
Let q(a) = -a**2 - 17*a - 58. Let x be q(-6). Suppose 0 = -3*n - 5*m + 1506, 962 = 2*n - m - 29. Suppose g = x*g - n. List the prime factors of g.
71
Suppose 0 = -10*b + 106 - 56. List the prime factors of 15*(b + 1089/45).
2, 3, 73
Suppose -5*c = 3*q + 21, -6 = -4*q - 3*c - 23. Let w be 1 - 1/(3 + q). Suppose w = 21*g - 26*g + 345. List the prime factors of g.
3, 23
What are the prime factors of 3/(-42) + (-4465512)/(-1008)?
2, 5, 443
Let g(b) = 4*b**2 + 82*b - 90. List the prime factors of g(-88).
2, 3, 5, 263
Let h(z) = -201*z**2 + 9*z + 17. Let m be h(-2). Let s = m + 2216. What are the prime factors of s?
17, 83
Let x(b) = 17*b**2 - 214*b**3 + 107*b**3 + 106*b**3 + 18*b + 2. Let k be x(18). Suppose 2*o + k*f - 422 = 0, 5*f = 3*o + 9*f - 636. List the prime factors of o.
2, 13
Suppose -4*u + 24433 = 5*b, -2*b = 48*u - 52*u - 9790. List the prime factors of b.
4889
Let l(h) = 26*h + 93. Let f be l(-10). What are the prime factors of (f/(-3))/(4/24)?
2, 167
Suppose 4*d + 685 + 485 = -2*j, -2*d + 4 = 0. Let w = 928 + j. List the prime factors of w.
3, 113
Let q(a) = -22*a**2 + 3*a - 5. Let k be (4 + (-21)/6)*10. Let x be q(k). List the prime factors of (-110)/(-3)*(x/(-25))/9.
2, 11
Let r(t) = 0*t - 3*t + 209*t**2 + 5 + 0*t**2 - 1. What are the prime factors of r(2)?
2, 3, 139
Suppose -7*g + 103726 = -80495 - 71692. List the prime factors of g.
36559
Let t(r) = 29*r**3 - 3*r - 7. Let s(l) = l**2 + 12*l - 47. Let y be s(-15). Let a be t(y). Let n = 45 - a. List the prime factors of n.
2, 139
What are the prime factors of (835644/(-15))/(-1) + 32/80?
2, 3, 5, 619
Suppose -5625 = -p + 3*k + 1242, 4*p + k = 27455. What are the prime factors of p?
2, 3, 11, 13
Suppose -2995 = 43*v - 46*v + 4*g, 3*g + 12 = 0. Let l = v + -561. List the prime factors of l.
2, 3
Suppose 0 = 2*i - n - 16903, -2*n - 40151 = -3*i - 14799. Suppose 0*h + i = 6*h. What are the prime factors of h?
1409
Let x(f) = 14*f - 18. Let h(p) = p**2 + 23*p + 27. Let z be h(-22). Let g be x(z). Suppose -5*b - 155 - g = -2*t, 526 = 5*t - 4*b. List the prime factors of t.
2, 53
Suppose -10*q = q - 1980. Let p = -373 + q. Let m = 384 + p. What are the prime factors of m?
191
Suppose 34*m + 324 = 32*m. Let c = m - -173. What are the prime factors of c?
11
Let r be -4 - (-14)/2*29*1. Suppose r = 11*h - 813. What are the prime factors of h?
2, 23
Suppose -20*n + 16*n + 4 = 0, -2*n + 268417 = 5*m. List the prime factors of m.
7, 7669
Let n = -396 - -399. Suppose -n*z = -2*t + 230 + 60, 4*t - 5*z = 582. List the prime factors of t.
2, 37
Let b(o) = -o**2 + 341*o + 1547. What are the prime factors of b(158)?
83, 367
Let b be (-3)/(4 + -4 + -1). Suppose 5*y = -5*f + 6090 - 1455, -y + b*f + 915 = 0. List the prime factors of y.
2, 3, 7, 11
Suppose 9*q - 45062 = -2*i + 5*q, -i + 4*q + 22495 = 0. What are the prime factors of i?
7, 3217
Suppose -4*w = 5*k + w - 5, 2*k + 13 = 3*w. Let c(v) = -110*v. Let r be c(k). Suppose 389 + r = 3*n. What are the prime factors of n?
7, 29
Let b(s) = 11*s - 5. Let h be b(-2). Let w = 29 + h. Suppose -138 = -2*u - 4*l, -7*u + w*u = l - 327. What are the prime factors of u?
5, 13
Let r(x) = -4*x**3 - 6*x**2 - 4*x - 3. Let d be r(-4). Let n(c) = c**3 + 57*c**2 - 2*c - 34. Let o be n(-57). Let l = d - o. List the prime factors of l.
3, 31
Let h = -42 - -47. Suppose 3*f + h*k + 2 = 0, 4*f + 4 - 3 = -5*k. Let g(n) = 116*n + 2. What are the prime factors of g(f)?
2, 59
Let u = -204 - -208. Suppose u*g + 4 = 0, -4*h + h + 5*g = -1334. What are the prime factors of h?
443
Suppose 9 = -3*o, 3*z - 393 = 10*o - 9*o. List the prime factors of 6 - 9 - 9/((-9)/z).
127
Let a = -119316 + 205283. List the prime factors of a.
7, 12281
What are the prime factors of 276/(-8)*10/(-3)?
5, 23
Let y = 10200 + -7279. List the prime factors of y.
23, 127
Suppose -4*p - r = 5, -5*r + 6 + 11 = -p. List the prime factors of ((-74)/5)/(p/((-420)/(-6))).
2, 7, 37
Let b(t) = 186*t**2 - 33*t + 55. What are the prime factors of b(-6)?
6949
Let j(p) = 188*p - 16. Let s be j(8). Suppose 2*v - s = -2*v. Let d = v - 165. List the prime factors of d.
3, 23
Suppose 0 = -12*f + 4*f - 1856. List the prime factors of f*((-176)/110 - 6/(-10)).
2, 29
Let l = 32 - 39. Let a be (0 + l)*(-2 + 3). What are the prime factors of (1 - a)*1*(-26)/(-2)?
2, 13
Suppose -2*f - 5*z + 93465 = -18651, 5*f - 280257 = 4*z. List the prime factors of f.
56053
Let g = 637 + -574. Let h be (1 + 42)/(-1 + 2). Let b = g - h. What are the prime factors of b?
2, 5
Let h(a) = 184 - 9*a - 36*a + 13*a. List the prime factors of h(-5).
2, 43
Let g be 2 + 4/(-5) + 1/(-5). Suppose 8*i + 9 = g. Let z = 148 + i. What are the prime factors of z?
3, 7
Suppose -4*o + q + 2149 = -0*q, 3*o + 2*q = 1620. What are the prime factors of o?
2, 269
Let p = -465 + 477. Suppose 3*z - 10